{"id":474,"date":"2020-08-15T15:12:44","date_gmt":"2020-08-15T13:12:44","guid":{"rendered":"http:\/\/einkaufeninschleswig.de\/?page_id=474"},"modified":"2020-11-07T08:14:04","modified_gmt":"2020-11-07T06:14:04","slug":"wir-sind-fuer-sie-da","status":"publish","type":"page","link":"https:\/\/einkaufeninschleswig.de\/?page_id=474","title":{"rendered":"B\u00fccher &#038; Spiele"},"content":{"rendered":"<ul class=\"wp-block-latest-posts__list aligncenter wp-block-latest-posts\"><li><div class=\"wp-block-latest-posts__featured-image\"><img loading=\"lazy\" decoding=\"async\" width=\"150\" height=\"150\" src=\"https:\/\/einkaufeninschleswig.de\/wp-content\/uploads\/2021\/09\/schleizwerge-150x150.png\" class=\"attachment-thumbnail size-thumbnail wp-post-image\" alt=\"\" style=\"\" \/><\/div><a class=\"wp-block-latest-posts__post-title\" href=\"https:\/\/einkaufeninschleswig.de\/?p=1613\">SchleiZwerge<\/a><div class=\"wp-block-latest-posts__post-excerpt\">Die SchleiZwerge sind ein liebevoll gef\u00fchrter Spielzeugladen mitten in der Schleswiger Fu\u00dfg\u00e4ngerzone. Wir haben uns auf ausgesuchte Spielzeugmarken und kreative Geschenkideen spezialisiert. Ob Lego, Tonies, Little Dutch oder Trendmarken wie Legami, Familien finden bei uns eine bunte Auswahl, die Freude macht und zum St\u00f6bern einl\u00e4dt. Wir freuen uns auf Deinen &hellip; <\/div><\/li>\n<li><div class=\"wp-block-latest-posts__featured-image\"><img loading=\"lazy\" decoding=\"async\" width=\"150\" height=\"99\" src=\"https:\/\/einkaufeninschleswig.de\/wp-content\/uploads\/2020\/08\/card-3.png\" class=\"attachment-thumbnail size-thumbnail wp-post-image\" alt=\"\" style=\"\" \/><\/div><a class=\"wp-block-latest-posts__post-title\" href=\"https:\/\/einkaufeninschleswig.de\/?p=1124\">Spielwaren Pfeiffer<\/a><div class=\"wp-block-latest-posts__post-excerpt\">Alles was das Kinderherz begehrt gibt es bei Spielwaren Pfeifer in Schleswig-City. Tauchen Sie ein in die phantastische Welt der Spielwaren. Wir beraten sie gerne und freuen uns auf ihren Besuch in unserem Gesch\u00e4ft im Stadtweg. Spielwaren PfeifferInhaber: Stephan Pfeiffer Stadtweg 15 &#8211; 1724837 SchleswigTel.: 04621- 9 77 55 77 &hellip; <\/div><\/li>\n<li><div class=\"wp-block-latest-posts__featured-image\"><img loading=\"lazy\" decoding=\"async\" width=\"150\" height=\"140\" src=\"https:\/\/einkaufeninschleswig.de\/wp-content\/uploads\/2020\/08\/logo-1.png\" class=\"attachment-thumbnail size-thumbnail wp-post-image\" alt=\"\" style=\"\" \/><\/div><a class=\"wp-block-latest-posts__post-title\" href=\"https:\/\/einkaufeninschleswig.de\/?p=457\">Buchhandlung Schr\u00f6der im Stadtweg<\/a><div class=\"wp-block-latest-posts__post-excerpt\">Unsere Buchhandlung ist durchgehend von 9:00 \u2013 18:00 Uhr ge\u00f6ffnet. Wir freuen uns auf ihren Besuch! Buchhandlung SCHR\u00d6DER Stadtweg 27a &nbsp;\\ &nbsp;24837 SchleswigTel: 0 46 21 &#8211; 2 22 02 &nbsp;\\ &nbsp;Fax: 0 46 21 &#8211; 2 44 93E-Mail: info@buch-schroeder.deInternet: www.buch-schroeder.de #Schleswighilft2.0 &#8211; Schleswig in the box #Schleswighilft &#8211; wir &hellip; <\/div><\/li>\n<li><div class=\"wp-block-latest-posts__featured-image\"><img loading=\"lazy\" decoding=\"async\" width=\"150\" height=\"99\" src=\"https:\/\/einkaufeninschleswig.de\/wp-content\/uploads\/2020\/08\/card-2.png\" class=\"attachment-thumbnail size-thumbnail wp-post-image\" alt=\"\" style=\"\" \/><\/div><a class=\"wp-block-latest-posts__post-title\" href=\"https:\/\/einkaufeninschleswig.de\/?p=416\">Liesegang &#8211; Buchhandlung, Schreibwaren&#038;Ticketkontor<\/a><div class=\"wp-block-latest-posts__post-excerpt\">Wir haben ge\u00f6ffnet! Wir freuen uns, Sie in unseren Buchhandlungen begr\u00fcssen zu d\u00fcrfen. Wir sind f\u00fcr Sie da: Mo-Fr von 9-18 Uhr, Sa 9-14 Uhr. \u00d6ffnungszeitenMontag &#8211; Freitag 09:00 &#8211; 18:00 UhrSamstag 09:00 &#8211; 14:00 Uhr Auch digital und telefonisch sind wir nat\u00fcrlich erreichbar. Stadtweg&nbsp;2224837&nbsp;Schleswigschleswig@liesegang.sh04621 &#8211; 23 11 8 #Schleswighilft2.0 &hellip; <\/div><\/li>\n<\/ul>\n\n\n<p><\/p>\n","protected":false},"excerpt":{"rendered":"","protected":false},"author":2,"featured_media":0,"parent":0,"menu_order":0,"comment_status":"closed","ping_status":"closed","template":"","meta":{"footnotes":""},"class_list":["post-474","page","type-page","status-publish","hentry"],"wpmagazine_modules_lite_featured_media_urls":{"thumbnail":"","cvmm-medium":"","cvmm-medium-plus":"","cvmm-portrait":"","cvmm-medium-square":"","cvmm-large":"","cvmm-small":"","full":""},"categories_names":null,"comments_number":"0","_links":{"self":[{"href":"https:\/\/einkaufeninschleswig.de\/index.php?rest_route=\/wp\/v2\/pages\/474","targetHints":{"allow":["GET"]}}],"collection":[{"href":"https:\/\/einkaufeninschleswig.de\/index.php?rest_route=\/wp\/v2\/pages"}],"about":[{"href":"https:\/\/einkaufeninschleswig.de\/index.php?rest_route=\/wp\/v2\/types\/page"}],"author":[{"embeddable":true,"href":"https:\/\/einkaufeninschleswig.de\/index.php?rest_route=\/wp\/v2\/users\/2"}],"replies":[{"embeddable":true,"href":"https:\/\/einkaufeninschleswig.de\/index.php?rest_route=%2Fwp%2Fv2%2Fcomments&post=474"}],"version-history":[{"count":5,"href":"https:\/\/einkaufeninschleswig.de\/index.php?rest_route=\/wp\/v2\/pages\/474\/revisions"}],"predecessor-version":[{"id":1009,"href":"https:\/\/einkaufeninschleswig.de\/index.php?rest_route=\/wp\/v2\/pages\/474\/revisions\/1009"}],"wp:attachment":[{"href":"https:\/\/einkaufeninschleswig.de\/index.php?rest_route=%2Fwp%2Fv2%2Fmedia&parent=474"}],"curies":[{"name":"wp","href":"https:\/\/api.w.org\/{rel}","templated":true}]}}